. Give m(20).
-6
Let h(c) = -13*c - 535. Calculate h(-17).
-314
Let a(t) = 2831*t - 13. What is a(0)?
-13
Let m(d) = -3*d**2 + 3*d - 30. Determine m(2).
-36
Let h(u) = u**3 - 41*u**2 + 287*u - 771. What is h(33)?
-12
Let d(p) = 5*p**2 + 22*p + 19. Calculate d(-5).
34
Let l(d) = d**3 - 8*d**2 - 9*d - 24. Calculate l(8).
-96
Let t(y) = 4*y**3 - 178*y**2 - 273*y - 85. Give t(46).
53
Let m(i) = -3*i**2 - 273*i - 262. Determine m(-90).
8
Let w(t) = 2*t**2 - 26*t + 13. Give w(10).
-47
Let o(w) = 5*w**3 + 7*w**2 + 2*w - 19. Determine o(-3).
-97
Let u(d) = -d**3 + 51*d**2 - 53*d + 166. What is u(50)?
16
Let c(d) = -d**3 - 16*d**2 + 42*d + 76. Give c(-15).
-779
Let i(r) = 33*r**2 + 191*r - 29. Calculate i(-6).
13
Let i(t) = 8*t**2 - 711*t + 2061. What is i(3)?
0
Let n(b) = -b**2 - 113*b - 2490. What is n(-30)?
0
Let a(n) = -44*n - 1369. Calculate a(-30).
-49
Let o(c) = 343*c + 7207. Give o(-21).
4
Let g(w) = 3*w**2 + 132*w - 2868. What is g(-60)?
12
Let j(y) = 7*y + 414. Determine j(-25).
239
Let w(p) = 61*p - 1085. Give w(16).
-109
Let g(s) = 133*s - 89. What is g(1)?
44
Let s(o) = o**2 + 14*o + 88. Give s(-10).
48
Let w(r) = -15*r + 213. Determine w(20).
-87
Let k(u) = 3*u**2 - 11*u - 4. What is k(11)?
238
Let q(l) = 4*l - 34. Calculate q(3).
-22
Let v(a) = 23*a**2 - 584*a + 218. Give v(25).
-7
Let a(r) = 4918*r - 34426. Give a(7).
0
Let k(v) = -v**3 - 22*v**2 + 2*v + 50. Determine k(-22).
6
Let c(s) = s**2 + 108*s - 1916. What is c(16)?
68
Let n(q) = 293*q - 1779. Give n(6).
-21
Let o(t) = -3*t**3 - 3*t**2 - 21*t + 83. What is o(3)?
-88
Let i(n) = -n**3 + 29*n**2 - 77*n - 44. What is i(26)?
-18
Let a(k) = -k**3 - 15*k - 16. Determine a(-5).
184
Let s(w) = w**3 - 20*w**2 - 311*w + 6220. Give s(20).
0
Let m(h) = -48*h + 690. What is m(15)?
-30
Let m(g) = 452*g + 2. Give m(0).
2
Let q(v) = 3*v**2 - 60*v + 113. Determine q(18).
5
Let k(f) = f**3 - 13*f**2 - 24*f + 147. Determine k(14).
7
Let m(p) = -p**2 + 81*p - 476. Calculate m(65).
564
Let a(l) = -6*l**3 + 39*l**2 + 67*l - 6. Calculate a(-2).
64
Let t(i) = 83*i - 512. Calculate t(6).
-14
Let w(t) = -t**3 + 16*t**2 - 57*t + 477. Calculate w(12).
369
Let a(q) = -q**3 - 157*q**2 - 3303*q - 419. Calculate a(-132).
-23
Let j(r) = 957*r + 14316. Determine j(-15).
-39
Let x(o) = 12459*o + 24919. Give x(-2).
1
Let x(l) = -346*l - 4494. Give x(-13).
4
Let a(p) = 349*p + 683. Determine a(-2).
-15
Let z(r) = -11*r + 196. Give z(13).
53
Let o(u) = -10*u**3 - 2*u**2 + u. Determine o(-3).
249
Let t(m) = 78*m + 5153. Give t(-66).
5
Let u(t) = 6*t**2 - 5*t - 29. Calculate u(4).
47
Let h(s) = -203*s - 6094. Calculate h(-30).
-4
Let q(v) = -1033*v + 18. Give q(-1).
1051
Let g(j) = -2*j**2 - 110*j + 868. Give g(-62).
0
Let d(f) = -f**2 - 17*f + 17. Give d(-9).
89
Let i(g) = -679*g - 1353. Calculate i(-2).
5
Let n(q) = 14*q + 160. Give n(-11).
6
Let c(p) = 4*p**2 + 164*p + 64. What is c(-40)?
-96
Let b(w) = -25*w + 371. What is b(13)?
46
Let a(b) = 3*b**2 + 155*b - 267. Give a(-53).
-55
Let u(o) = -26*o**2 - 1077*o - 479. Calculate u(-41).
-28
Let k(g) = 35*g + 254. Calculate k(-6).
44
Let g(o) = -82*o - 3534. What is g(-43)?
-8
Let g(t) = -t**3 - 27*t**2 - 74*t + 53. Give g(-24).
101
Let a(v) = -23*v**2 + 150*v - 51. Give a(6).
21
Let u(x) = x**3 - 17*x**2 - 204*x - 27. Calculate u(-8).
5
Let g(n) = -15*n**2 + 1592*n - 221. Calculate g(106).
-9
Let h(p) = 16*p - 15. What is h(6)?
81
Let p(w) = -329*w - 27298. Give p(-83).
9
Let m(i) = 9*i**2 + 7*i - 58. Calculate m(4).
114
Let q(d) = 2*d**3 - 64*d**2 - 207*d + 8. Calculate q(-3).
-1
Let i(q) = -8*q**3 - 57*q**2 - 24*q - 118. What is i(-7)?
1
Let h(i) = 838*i - 6033. Determine h(7).
-167
Let y(n) = -n**3 - 25*n**2 + 51*n - 49. Calculate y(-27).
32
Let p(q) = q**2 + 17*q - 360. Calculate p(-24).
-192
Let h(m) = -2*m**2 + 15*m + 85. What is h(19)?
-352
Let f(n) = 8*n**2 + 118*n - 84. What is f(-16)?
76
Let g(j) = 29*j**2 - 26*j + 29. Give g(1).
32
Let p(v) = -4*v**3 + 4*v - 2. What is p(4)?
-242
Let o(b) = -5*b**3 + 104*b**2 + 28*b - 146. What is o(21)?
1
Let b(o) = o**3 + 8*o**2 - 27*o - 28. Give b(-8).
188
Let r(x) = 2*x**3 - 18*x**2 - 35*x + 117. What is r(10)?
-33
Let m(h) = -17*h**3 + 9*h**2 - 9*h + 3. What is m(1)?
-14
Let f(w) = -4*w**2 - 34*w + 113. Determine f(-11).
3
Let r(u) = -16*u**3 - 3*u**2 + 8*u - 5. Determine r(3).
-440
Let y(j) = 8*j**2 - 57*j + 21. Determine y(6).
-33
Let h(q) = -q**3 + 30*q**2 - 184*q + 155. Calculate h(22).
-21
Let x(k) = k**3 + 7*k**2 + 2*k - 18. Give x(-8).
-98
Let c(u) = u**3 - 58*u**2 + 829*u - 99. Determine c(25).
1
Let g(w) = -w**3 + 8*w**2 + 38*w - 222. Determine g(10).
-42
Let l(g) = -68*g**3 + 11*g**2 + 2*g - 3. Determine l(1).
-58
Let a(i) = i**2 + 64*i + 157. Calculate a(-72).
733
Let z(o) = -253*o - 749. Calculate z(-3).
10
Let a(u) = -2*u**2 + 274*u - 2292. Calculate a(9).
12
Let v(z) = 355*z - 4995. Calculate v(14).
-25
Let s(b) = b**2 - 157*b + 1106. Give s(8).
-86
Let g(v) = 59*v + 1242. What is g(-19)?
121
Let i(o) = -22*o**2 - 4*o + 11. Give i(-5).
-519
Let c(d) = -2*d**3 + 35*d**2 + 13*d - 478. Give c(17).
32
Let b(d) = d**2 + 13*d - 4. Give b(5).
86
Let y(m) = -m**3 + 86*m**2 + 754*m + 13. What is y(-8)?
-3
Let k(t) = -t**2 + 10*t - 32. What is k(8)?
-16
Let n(f) = 37*f + 1667. What is n(-45)?
2
Let d(u) = u**3 + 9*u**2 - 24*u - 23. Determine d(-10).
117
Let t(s) = -s**2 + 95*s + 711. Calculate t(102).
-3
Let g(k) = 2118*k - 14847. Determine g(7).
-21
Let i(g) = -31*g + 536. Give i(15).
71
Let l(q) = q**2 - 56*q + 432. Give l(35).
-303
Let q(m) = -m**3 - 3*m**2 + 22*m - 19. Give q(-6).
-43
Let f(v) = v**3 + 22*v**2 - 151*v - 2946. Give f(-23).
-2
Let o(b) = 23*b + 42. Determine o(7).
203
Let n(d) = 165*d - 330. Calculate n(2).
0
Let k(g) = g**3 - 12*g**2 + 49*g - 580. Determine k(12).
8
Let g(l) = -l**2 + 430*l + 3498. What is g(-8)?
-6
Let o(l) = 39*l - 465. Give o(24).
471
Let q(y) = -y**2 - 525*y - 10150. Calculate q(-20).
-50
Let k(m) = -m**2 - 47*m - 546. Calculate k(-25).
4
Let p(k) = 44*k - 51. Determine p(1).
-7
Let h(v) = 196*v - 2166. Determine h(11).
-10
Let o(v) = -v**3 + 21*v**2 - 14*v + 181. Give o(21).
-113
Let p(g) = 2*g**3 - 164*g**2 + 163*g - 22. What is p(81)?
59
Let l(o) = 309*o + 2189. Calculate l(-7).
26
Let z(c) = -4*c**2 + 13*c + 20. Give z(7).
-85
Let i(r) = r**3 + 15*r**2 - 27*r + 11. Determine i(3).
92
Let a(m) = -2373*m + 14237. What is a(6)?
-1
Let s(w) = w**3 + 20*w**2 + 69*w + 12. Give s(-17).
-294
Let h(y) = 31*y + 154. Calculate h(-8).
-94
Let w(f) = -2*f + 30. Determine w(-11).
52
Let u(s) = -s**3 + s**2 + 156*s + 1. Calculate u(-12).
1
Let y(b) = 2*b**3 - 111*b**2 - 175*b + 233. Calculate y(57).
5
Let h(r) = -r**3 - 2*r**2 + 29*r - 6. Calculate h(-6).
-36
Let o(p) = 1122*p + 2238. Calculate o(-2).
-6
Let h(x) = 274*x - 2735. Give h(10).
5
Let w(b) = -13*b - 7. Determine w(-7).
84
Let x(i) = -i**2 - 74*i - 651. Give x(-64).
-11
Let p(q) = q**3 + 30*q**2 + 43*q - 969. Calculate p(-27).
57
Let y(g) = 11*g - 184. What is y(18)?
14
Let x(j) = j**3 + 3*j**2 + 5*j + 23. What is x(-4)?
-13
Let r(d) = d**3 - 16*d**2 - 12*d - 84. Calculate r(17).
1
Let h(g) = 13*g + 336. Determine h(-26).
-2
Let p(g) = -21*g + 613. Give p(29).
4
Let t(v) = v**3 + 47*v**2 + 151*v + 2751. Calculate t(-45).
6
Let t(s) = s**2 - 12*s + 22. Calculate t(7).
-13
Let c(r) = 136*r - 2998. Calculate c(22).
-6
Let z(v) = v**3 - 11*v**2 - 19*v + 209. Determine z(11).
0
Let l(o) = 163*o + 449. Give l(-5).
-366
Let j(l) = l**3 - 6*l**2 + 19*l - 47. What is j(5)?
23
Let y(v) = -27*v - 54. Calculate y(-3).
27
Let k(c) = 217*c + 9978. Give k(-46).
-4
Let i(m) = -m**2 - 191*m + 4233. What is i(20)?
13
Let l(v) = -6*v**2 + 71*v - 28. Calculate l(12).
-40
Let f(a) = -10*a**2 + 51*a + 64. Give f(7).
-69
Let i(c) = c**3 + 15*c**2 + 60*c + 12. What is i(-6)?
-24
Let n(r) = -76*r - 423. Calculate n(-6).
33
Let c(o) = -523*o + 41835. Determine c(80).
-5
Let h(c) = -c**3 + 44*c**2 - 291*c + 10. Give h(8).
-14
Let m(l) = -3*l**3 - 68*l**2 - 341*l + 325. Give m(-14).
3
Let o(g) = 43*g - 109. Calculate o(-6).
-367
Let x(f) = -f**3 - 428*f**2 - 2122*f - 2967. Give x(-423).
-6
Let c(a) = -a**2 + 50*a - 616. Calculate c(23).
5
Let z(f) = 3*f**2 - 107*f + 32. Determine z(35).
-38
Let c(x) = 55*x - 2557. Calculate c(47).
28
Let o(u) = 1